ultiple of 36?
False
Is 82 a factor of 2107072?
True
Is 10 a factor of 19398745?
False
Is 673962724 a multiple of 57?
False
Is 19924911 a multiple of 19?
False
Is 54 a factor of 114217337?
False
Is 338 a factor of 26252756?
False
Is 165 a factor of 42406124?
False
Is 4 a factor of 26096976?
True
Is 7535861 a multiple of 104?
False
Is 226556092 a multiple of 7?
True
Does 30 divide 5929440?
True
Is 14 a factor of 3133987?
False
Is 61 a factor of 30940115?
True
Is 14 a factor of 3245521832?
True
Is 1732414048 a multiple of 16?
True
Does 73 divide 295454941?
False
Is 16 a factor of 302550451?
False
Does 208 divide 195528112?
True
Is 34 a factor of 76335100?
True
Is 577244504 a multiple of 1249?
False
Does 213 divide 26830332?
True
Is 91931733 a multiple of 2703?
True
Is 1067 a factor of 54056354?
True
Is 7687 a factor of 1061174976?
True
Is 3 a factor of 9006778?
False
Does 2 divide 25429340?
True
Is 57 a factor of 251243249?
False
Is 2044597668 a multiple of 9444?
True
Does 4373 divide 216091795?
True
Does 130 divide 114410400?
True
Does 880 divide 25677520?
True
Does 5 divide 8501890?
True
Is 23301429 a multiple of 4?
False
Does 9 divide 1512050?
False
Does 37 divide 32160992?
True
Is 570740162 a multiple of 3?
False
Is 89482662 a multiple of 34?
True
Is 2191 a factor of 20678658?
True
Does 4 divide 100274606?
False
Does 504 divide 906953491?
False
Does 21 divide 198939675?
False
Does 3657 divide 84148342?
False
Is 234 a factor of 52655743?
False
Is 12180072 a multiple of 42?
False
Is 1211 a factor of 66963324?
False
Does 42 divide 4957512?
True
Does 76 divide 228895531?
False
Does 182 divide 167916006?
False
Does 38 divide 232965503?
False
Is 273242969 a multiple of 562?
False
Is 828939168 a multiple of 18?
True
Is 1333 a factor of 55211190?
False
Does 1803 divide 455408952?
True
Does 52 divide 41263349?
False
Is 208 a factor of 313848288?
True
Does 2542 divide 2884249596?
False
Does 1400 divide 654779941?
False
Is 93 a factor of 29661048?
True
Is 7 a factor of 46787489?
True
Is 1586845518 a multiple of 12?
False
Is 434182661 a multiple of 41?
True
Is 25565220 a multiple of 86?
True
Does 332 divide 186185715?
False
Is 742 a factor of 8809634212?
False
Is 1933354111 a multiple of 258?
False
Does 217 divide 5894371?
True
Does 359 divide 22816245?
True
Is 101 a factor of 359413651?
True
Is 4 a factor of 79080002?
False
Is 27 a factor of 267123194?
False
Is 231 a factor of 68420121?
True
Is 894080 a multiple of 40?
True
Is 65434793 a multiple of 182?
False
Is 1205964918 a multiple of 5724?
False
Is 1112644614 a multiple of 125?
False
Is 103 a factor of 74115042?
False
Is 116 a factor of 908517450?
False
Does 4 divide 62204720?
True
Does 12 divide 32704307?
False
Does 11 divide 27498812?
True
Is 2 a factor of 361653?
False
Does 27 divide 1208574?
True
Is 697 a factor of 117213692?
False
Is 599 a factor of 47018759?
False
Is 40549029 a multiple of 1154?
False
Is 1415 a factor of 64416460?
True
Is 331629511 a multiple of 2670?
False
Is 261530424 a multiple of 1726?
True
Is 62 a factor of 202059246?
False
Is 215 a factor of 89324975?
True
Is 80935740 a multiple of 30?
True
Is 6 a factor of 125958942?
True
Is 75909007 a multiple of 18?
False
Is 6338 a factor of 2475275979?
False
Is 17 a factor of 127575310?
True
Does 931 divide 17234411?
False
Is 2422 a factor of 1370704258?
True
Is 222511462 a multiple of 100?
False
Is 24 a factor of 41994288?
True
Is 7 a factor of 17402378?
True
Does 7 divide 68395360?
False
Does 473 divide 352329588?
False
Is 36970227 a multiple of 21?
True
Is 65 a factor of 280562004?
False
Is 622 a factor of 229948403?
False
Does 57 divide 13465423?
False
Is 2085 a factor of 3341966446?
False
Is 26 a factor of 1126642772?
False
Is 37 a factor of 10458472?
False
Does 7 divide 10045574?
True
Is 105230781 a multiple of 23?
False
Is 33 a factor of 3558766794?
True
Is 3404 a factor of 113676580?
True
Is 294 a factor of 468424026?
True
Is 1224 a factor of 102796416?
True
Is 9 a factor of 25412391?
True
Is 64746855 a multiple of 333?
True
Is 4286561781 a multiple of 14?
False
Does 50 divide 121289460?
False
Is 944542404 a multiple of 564?
False
Is 401818921 a multiple of 3888?
False
Is 28706810 a multiple of 319?
True
Is 380519654 a multiple of 218?
True
Does 934 divide 36600515?
False
Is 1186938 a multiple of 122?
True
Is 92 a factor of 8056532?
True
Does 99 divide 50115384?
True
Does 250 divide 7709707?
False
Is 83612271 a multiple of 60?
False
Does 20 divide 2745812172?
False
Is 143 a factor of 182895999?
True
Is 592559642 a multiple of 16?
False
Is 63 a factor of 552194873?
False
Is 111057960 a multiple of 195?
True
Is 21 a factor of 60600062?
False
Is 22365420 a multiple of 3?
True
Does 21 divide 27509945?
False
Is 79 a factor of 2126996?
True
Is 157 a factor of 9392211?
True
Does 1056 divide 98687424?
True
Does 105 divide 191114769?
False
Is 6787880 a multiple of 102?
False
Is 2327 a factor of 894557739?
False
Is 48557444 a multiple of 29?
False
Is 102744 a multiple of 72?
True
Is 15584760 a multiple of 45?
True
Does 19 divide 2150002?
True
Does 20 divide 360437857?
False
Does 67 divide 5896469?
True
Does 213 divide 13031766?
True
Does 6 divide 96727683?
False
Is 26 a factor of 151927022?
True
Is 7 a factor of 5404252?
True
Does 918 divide 32174064?
True
Is 82 a factor of 443858276?
False
Is 97620 a multiple of 4?
True
Is 105643746 a multiple of 221?
True
Does 712 divide 202471613?
False
Is 1082 a factor of 19860110?
True
Is 3080 a factor of 598080560?
True
Is 2815 a factor of 58253748?
False
Is 39796640 a multiple of 13?
True
Is 109916974 a multiple of 386?
True
Is 7 a factor of 2653915880?
True
Is 207338180 a multiple of 3745?
True
Is 22 a factor of 297033440?
True
Does 88 divide 38194200?
True
Is 18 a factor of 94946809?
False
Does 45 divide 157081815?
True
Is 65061459 a multiple of 330?
False
Does 247 divide 30333082?
True
Does 4633 divide 128018719?
False
Is 2497925532 a multiple of 5220?
False
Is 15 a factor of 1453094340?
True
Is 45 a factor of 40250520?
True
Is 276 a factor of 512593299?
False
Is 1616 a factor of 4718728480?
False
Is 466821873 a multiple of 49?
True
Is 10 a factor of 12095060?
True
Is 2 a factor of 2973240?
True
Is 586921491 a multiple of 683?
False
Is 115 a factor of 55258190?
True
Is 885 a factor of 792617505?
True
Does 991 divide 419922813?
False
Is 28745416 a multiple of 828?
False
Is 14 a factor of 351993964?
True
Is 237846045 a multiple of 14?
False
Is 12155832 a multiple of 550?
False
Is 938 a factor of 45597846?
False
Is 12 a factor of 649526692?
False
Is 302119309 a multiple of 3853?
False
Is 12 a factor of 11773863?
False
Is 31 a factor of 1523128890?
True
Does 23 divide 72936924?
False
Is 5 a factor of 6922218?
False
Is 39855342 a multiple of 237?
True
Is 60 a factor of 100498364?
False
Is 964 a factor of 187398708?
True
Is 188096120 a multiple of 3?
False
Is 132 a factor of 59005561?
False
Is 674463 even?
False
Is 18235524 a multiple of 180?
False
Does 63 divide 22299669?
True
Is 1672811999 a multiple of 133?
False
Does 207 divide 8594226?
True
Is 143 a factor of 383601?
False
Does 74 divide 487427458?
False
Is 131551120 a multiple of 944?
True
Is 70 a factor of 6797670600?
True
Does 6 divide 2323395?
False
Is 240 a factor of 57646048?
False
Is 165864127 a multiple of 11?
True
Does 3 divide 9711050?
False
Does 23 divide 195358154?
False
Is 516 a factor of 805877964?
True
Is 75755467 a multiple of 778?
False
Is 43 a factor of 19871101?
False
Does 14 divide 75356344?
True
Is 1819 a factor of 9753478?
True
Does 43 divide 165420911?
False
Is 6 a factor of 94264966?
False
Is 58319216 a multiple of 8?
True
Does 35 divide 1649301150?
True
Is 617 a factor of 293811081?
True
Is 179653529 a multiple of 3895?
False
Is 19216600 a multiple of 200?
True
Is 240 a factor of 285678000?
True
Does 101 divide 977181184?
False
Does 418 divide 135166234?
False
Does 147 divide 12794145?
True
Is 72 a factor of 134439984?
True
Is 102 a factor of 5383341763?
False
Is 4 a factor of 133838784?
True
Does 1166 divide 250355358?
True
Does 46 divide 31067512?
False
Is 155 a factor of 24428310?
True
Is 218 a factor of 25729258?
False
Does 23 divide 1033960?
False
Is 1004 a factor of 38949176?
True
Is 84287950 a multiple of 